vided by 344.
273
Calculate the remainder when 798 is divided by 132.
6
Calculate the remainder when 176 is divided by 9.
5
What is the remainder when 829 is divided by 8?
5
What is the remainder when 743 is divided by 62?
61
Calculate the remainder when 478 is divided by 86.
48
What is the remainder when 1022 is divided by 28?
14
What is the remainder when 547 is divided by 29?
25
Calculate the remainder when 360 is divided by 82.
32
Calculate the remainder when 190 is divided by 97.
93
Calculate the remainder when 88 is divided by 78.
10
Calculate the remainder when 242 is divided by 9.
8
Calculate the remainder when 551 is divided by 542.
9
Calculate the remainder when 2518 is divided by 63.
61
What is the remainder when 448 is divided by 45?
43
What is the remainder when 11925 is divided by 28?
25
What is the remainder when 655 is divided by 17?
9
What is the remainder when 19275 is divided by 51?
48
Calculate the remainder when 158 is divided by 55.
48
Calculate the remainder when 206 is divided by 34.
2
Calculate the remainder when 117 is divided by 22.
7
Calculate the remainder when 516 is divided by 250.
16
What is the remainder when 449 is divided by 166?
117
What is the remainder when 235 is divided by 12?
7
What is the remainder when 168 is divided by 25?
18
What is the remainder when 629 is divided by 42?
41
Calculate the remainder when 41 is divided by 7.
6
What is the remainder when 1970 is divided by 44?
34
What is the remainder when 102 is divided by 8?
6
What is the remainder when 1470 is divided by 436?
162
Calculate the remainder when 3121 is divided by 54.
43
What is the remainder when 109 is divided by 53?
3
What is the remainder when 327 is divided by 55?
52
Calculate the remainder when 45 is divided by 6.
3
Calculate the remainder when 188 is divided by 40.
28
Calculate the remainder when 2984 is divided by 20.
4
Calculate the remainder when 17 is divided by 7.
3
Calculate the remainder when 151 is divided by 4.
3
What is the remainder when 258 is divided by 154?
104
Calculate the remainder when 108 is divided by 32.
12
Calculate the remainder when 134 is divided by 69.
65
What is the remainder when 249 is divided by 51?
45
What is the remainder when 3854 is divided by 129?
113
What is the remainder when 486 is divided by 126?
108
Calculate the remainder when 575 is divided by 17.
14
What is the remainder when 430 is divided by 414?
16
Calculate the remainder when 1555 is divided by 52.
47
Calculate the remainder when 798 is divided by 158.
8
Calculate the remainder when 275 is divided by 19.
9
Calculate the remainder when 1287 is divided by 27.
18
What is the remainder when 29783 is divided by 161?
159
What is the remainder when 333 is divided by 16?
13
What is the remainder when 498 is divided by 20?
18
Calculate the remainder when 25 is divided by 9.
7
What is the remainder when 737 is divided by 82?
81
Calculate the remainder when 254 is divided by 22.
12
Calculate the remainder when 275 is divided by 127.
21
Calculate the remainder when 191 is divided by 66.
59
What is the remainder when 453 is divided by 24?
21
What is the remainder when 40 is divided by 21?
19
What is the remainder when 901 is divided by 895?
6
What is the remainder when 1892 is divided by 189?
2
Calculate the remainder when 942 is divided by 35.
32
Calculate the remainder when 1061 is divided by 56.
53
What is the remainder when 99 is divided by 42?
15
Calculate the remainder when 417 is divided by 21.
18
Calculate the remainder when 404 is divided by 170.
64
What is the remainder when 105 is divided by 105?
0
What is the remainder when 325 is divided by 94?
43
Calculate the remainder when 265 is divided by 23.
12
What is the remainder when 100 is divided by 18?
10
What is the remainder when 232 is divided by 145?
87
What is the remainder when 24 is divided by 23?
1
What is the remainder when 262 is divided by 45?
37
What is the remainder when 4999 is divided by 25?
24
Calculate the remainder when 260 is divided by 17.
5
Calculate the remainder when 783 is divided by 141.
78
Calculate the remainder when 206 is divided by 89.
28
What is the remainder when 127 is divided by 36?
19
Calculate the remainder when 92 is divided by 20.
12
Calculate the remainder when 106 is divided by 47.
12
Calculate the remainder when 436 is divided by 419.
17
Calculate the remainder when 128 is divided by 70.
58
What is the remainder when 162 is divided by 52?
6
Calculate the remainder when 429 is divided by 92.
61
What is the remainder when 329 is divided by 70?
49
What is the remainder when 201 is divided by 35?
26
What is the remainder when 3149 is divided by 150?
149
What is the remainder when 645 is divided by 224?
197
Calculate the remainder when 923 is divided by 3.
2
Calculate the remainder when 321 is divided by 312.
9
What is the remainder when 177 is divided by 36?
33
What is the remainder when 330 is divided by 170?
160
What is the remainder when 67 is divided by 10?
7
What is the remainder when 47 is divided by 42?
5
Calculate the remainder when 884 is divided by 238.
170
Calculate the remainder when 36368 is divided by 81.
80
Calculate the remainder when 46 is divided by 25.
21
What is the remainder when 2508 is divided by 10?
8
Calculate the remainder when 3789 is divided by 48.
45
Calculate the remainder when 153 is divided by 3.
0
What is the remainder when 1269 is divided by 6?
3
What is the remainder when 767 is divided by 7?
4
What is the remainder when 302 is divided by 62?
54
Calculate the remainder when 1027 is divided by 7.
5
What is the remainder when 288 is divided by 10?
8
Calculate the remainder when 8 is divided by 5.
3
Calculate the remainder when 190 is divided by 32.
30
Calculate the remainder when 159 is divided by 16.
15
Calculate the remainder when 62 is divided by 15.
2
What is the remainder when 1213 is divided by 5?
3
What is the remainder when 156 is divided by 71?
14
Calculate the remainder when 133 is divided by 66.
1
Calculate the remainder when 115 is divided by 13.
11
What is the remainder when 12571 is divided by 7?
6
Calculate the remainder when 327 is divided by 99.
30
Calculate the remainder when 872 is divided by 273.
53
What is the remainder when 183 is divided by 85?
13
Calculate the remainder when 1025 is divided by 40.
25
What is the remainder when 617 is divided by 194?
35
Calculate the remainder when 1671 is divided by 62.
59
What is the remainder when 771 is divided by 31?
27
What is the remainder when 1495 is divided by 39?
13
What is the remainder when 1015 is divided by 127?
126
Calculate the remainder when 852 is divided by 57.
54
What is the remainder when 2093 is divided by 140?
133
Calculate the remainder when 981 is divided by 162.
9
Calculate the remainder when 136 is divided by 131.
5
Calculate the remainder when 14430 is divided by 8.
6
What is the remainder when 1515 is divided by 497?
24
What is the remainder when 129 is divided by 20?
9
Calculate the remainder when 136 is divided by 19.
3
What is the remainder when 79 is divided by 12?
7
Calculate the remainder when 135 is divided by 10.
5
Calculate the remainder when 307 is divided by 77.
76
What is the remainder when 78 is divided by 16?
14
Calculate the remainder when 241 is divided by 60.
1
Calculate the remainder when 2974 is divided by 40.
14
Calculate the remainder when 3560 is divided by 707.
25
What is the remainder when 1187 is divided by 26?
17
Calculate the remainder when 1346 is divided by 648.
50
What is the remainder when 428 is divided by 14?
8
Calculate the remainder when 485 is divided by 35.
30
Calculate the remainder when 7 is divided by 6.
1
Calculate the remainder when 39 is divided by 39.
0
What is the remainder when 988 is divided by 22?
20
What is the remainder when 167 is divided by 33?
2
What is the remainder when 369 is divided by 15?
9
What is the remainder when 121 is divided by 31?
28
What is the remainder when 672 is divided by 28?
0
What is the remainder when 853 is divided by 45?
43
What is the remainder when 129 is divided by 26?
25
Calculate the remainder when 101 is divided by 26.
23
What is the remainder when 703 is divided by 101?
97
What is the remainder when 840 is divided by 92?
12
What is the remainder